{"id":9555,"date":"2021-03-02T17:02:53","date_gmt":"2021-03-02T17:02:53","guid":{"rendered":"https:\/\/albirmuebles.com\/product\/dov\/"},"modified":"2021-03-02T17:02:53","modified_gmt":"2021-03-02T17:02:53","slug":"dov","status":"publish","type":"product","link":"https:\/\/albirmuebles.com\/es\/producto\/dov\/","title":{"rendered":"Dov"},"content":{"rendered":"<ul>\n<li>Estructura: madera de pino, tablero de part\u00edculas y espuma PUR.<\/li>\n<li>Asiento: espuma PUR de 30Kg\/m3 suave y copos de espuma viscol\u00e1stica con fibra de poli\u00e9ster hueca siliconada. Desenfundable .<\/li>\n<li>Respaldo: fibra hueca siliconada. Desenfundable .<\/li>\n<li>Opciones: Pata met\u00e1lica(Gris oscuro,Niquel, Negro o Cromo), Pata de madera(Wengu\u00e9, roble, natural o ceniza), Colch\u00f3n visco, Colch\u00f3n Platinum.<\/li>\n<\/ul>\n<table class=\"tbmedidas\">\n<tbody>\n<tr>\n<td><b>DOV<\/b><\/td>\n<td><b>Alto<\/b><\/td>\n<td><b>Ancho<\/b><\/td>\n<td><b>Fondo<\/b><\/td>\n<td><b>Altura asiento<\/b><\/td>\n<td><b>Ancho de brazo<\/b><\/td>\n<td><b>Fondo cama abierta<\/b><\/td>\n<td><b>Cama \u00fatil<\/b><\/td>\n<\/tr>\n<tr>\n<td><b>Chaise longue<\/b><\/td>\n<td>90<\/td>\n<td>127<\/td>\n<td>160<\/td>\n<td>50<\/td>\n<td>27<\/td>\n<td><\/td>\n<td><\/td>\n<\/tr>\n<tr>\n<td><b>M\u00f3dulo cama 140<\/b><\/td>\n<td>90<\/td>\n<td>190<\/td>\n<td>107<\/td>\n<td>50<\/td>\n<td>27<\/td>\n<td>214<\/td>\n<td>140\u00d7200<\/td>\n<\/tr>\n<tr>\n<td><b>M\u00f3dulo cama 160<\/b><\/td>\n<td>90<\/td>\n<td>210<\/td>\n<td>107<\/td>\n<td>50<\/td>\n<td>27<\/td>\n<td>214<\/td>\n<td>160\u00d7200<\/td>\n<\/tr>\n<tr>\n<td><b>Pouff<\/b><\/td>\n<td>46<\/td>\n<td>98<\/td>\n<td>98<\/td>\n<td><\/td>\n<td><\/td>\n<td><\/td>\n<td><\/td>\n<\/tr>\n<tr>\n<td><b>Pouff mesa<\/b><\/td>\n<td>56<\/td>\n<td>100<\/td>\n<td>100<\/td>\n<td><\/td>\n<td><\/td>\n<td><\/td>\n<td><\/td>\n<\/tr>\n<tr>\n<td><b>Sof\u00e1 cama 140<\/b><\/td>\n<td>90<\/td>\n<td>217<\/td>\n<td>107<\/td>\n<td>50<\/td>\n<td>27<\/td>\n<td>214<\/td>\n<td>140\u00d7200<\/td>\n<\/tr>\n<tr>\n<td><b>Sof\u00e1 cama 160<\/b><\/td>\n<td>90<\/td>\n<td>237<\/td>\n<td>107<\/td>\n<td>50<\/td>\n<td>27<\/td>\n<td>214<\/td>\n<td>160\u00d7200<\/td>\n<\/tr>\n<\/tbody>\n<\/table>\n","protected":false},"excerpt":{"rendered":"<p>Estructura: madera de pino, tablero de part\u00edculas y espuma PUR. Asiento: espuma PUR de 30Kg\/m3 suave y copos de espuma viscol\u00e1stica con fibra de poli\u00e9ster hueca siliconada. Desenfundable . Respaldo: fibra hueca siliconada. Desenfundable . Opciones: Pata met\u00e1lica(Gris oscuro,Niquel, Negro o Cromo), Pata de madera(Wengu\u00e9, roble, natural o ceniza), Colch\u00f3n visco, Colch\u00f3n Platinum. DOV Alto [&hellip;]<\/p>\n","protected":false},"featured_media":9556,"comment_status":"closed","ping_status":"closed","template":"","meta":[],"product_cat":[175],"product_tag":[],"class_list":["post-9555","product","type-product","status-publish","has-post-thumbnail","hentry","product_cat-sofa-cama"],"yoast_head":"<!-- This site is optimized with the Yoast SEO plugin v26.7 - https:\/\/yoast.com\/wordpress\/plugins\/seo\/ -->\n<title>Dov - Muebles Albir<\/title>\n<meta name=\"robots\" content=\"index, follow, max-snippet:-1, max-image-preview:large, max-video-preview:-1\" \/>\n<link rel=\"canonical\" href=\"https:\/\/albirmuebles.com\/es\/producto\/dov\/\" \/>\n<meta property=\"og:locale\" content=\"es_ES\" \/>\n<meta property=\"og:type\" content=\"article\" \/>\n<meta property=\"og:title\" content=\"Dov - Muebles Albir\" \/>\n<meta property=\"og:description\" content=\"Estructura: madera de pino, tablero de part\u00edculas y espuma PUR. Asiento: espuma PUR de 30Kg\/m3 suave y copos de espuma viscol\u00e1stica con fibra de poli\u00e9ster hueca siliconada. Desenfundable . Respaldo: fibra hueca siliconada. Desenfundable . Opciones: Pata met\u00e1lica(Gris oscuro,Niquel, Negro o Cromo), Pata de madera(Wengu\u00e9, roble, natural o ceniza), Colch\u00f3n visco, Colch\u00f3n Platinum. DOV Alto [&hellip;]\" \/>\n<meta property=\"og:url\" content=\"https:\/\/albirmuebles.com\/es\/producto\/dov\/\" \/>\n<meta property=\"og:site_name\" content=\"Muebles Albir\" \/>\n<meta property=\"article:publisher\" content=\"https:\/\/www.facebook.com\/Albir-Muebles-217159521715557\/\" \/>\n<meta property=\"og:image\" content=\"https:\/\/albirmuebles.com\/wp-content\/uploads\/2021\/03\/DOV-001.jpg\" \/>\n\t<meta property=\"og:image:width\" content=\"930\" \/>\n\t<meta property=\"og:image:height\" content=\"619\" \/>\n\t<meta property=\"og:image:type\" content=\"image\/jpeg\" \/>\n<meta name=\"twitter:card\" content=\"summary_large_image\" \/>\n<script type=\"application\/ld+json\" class=\"yoast-schema-graph\">{\"@context\":\"https:\/\/schema.org\",\"@graph\":[{\"@type\":\"WebPage\",\"@id\":\"https:\/\/albirmuebles.com\/es\/producto\/dov\/\",\"url\":\"https:\/\/albirmuebles.com\/es\/producto\/dov\/\",\"name\":\"Dov - Muebles Albir\",\"isPartOf\":{\"@id\":\"https:\/\/albirmuebles.com\/#website\"},\"primaryImageOfPage\":{\"@id\":\"https:\/\/albirmuebles.com\/es\/producto\/dov\/#primaryimage\"},\"image\":{\"@id\":\"https:\/\/albirmuebles.com\/es\/producto\/dov\/#primaryimage\"},\"thumbnailUrl\":\"https:\/\/e3vgfxkvpic.exactdn.com\/wp-content\/uploads\/2021\/03\/DOV-001.jpg?strip=all\",\"datePublished\":\"2021-03-02T17:02:53+00:00\",\"breadcrumb\":{\"@id\":\"https:\/\/albirmuebles.com\/es\/producto\/dov\/#breadcrumb\"},\"inLanguage\":\"es\",\"potentialAction\":[{\"@type\":\"ReadAction\",\"target\":[\"https:\/\/albirmuebles.com\/es\/producto\/dov\/\"]}]},{\"@type\":\"ImageObject\",\"inLanguage\":\"es\",\"@id\":\"https:\/\/albirmuebles.com\/es\/producto\/dov\/#primaryimage\",\"url\":\"https:\/\/e3vgfxkvpic.exactdn.com\/wp-content\/uploads\/2021\/03\/DOV-001.jpg?strip=all\",\"contentUrl\":\"https:\/\/e3vgfxkvpic.exactdn.com\/wp-content\/uploads\/2021\/03\/DOV-001.jpg?strip=all\",\"width\":930,\"height\":619},{\"@type\":\"BreadcrumbList\",\"@id\":\"https:\/\/albirmuebles.com\/es\/producto\/dov\/#breadcrumb\",\"itemListElement\":[{\"@type\":\"ListItem\",\"position\":1,\"name\":\"Home\",\"item\":\"https:\/\/albirmuebles.com\/es\/\"},{\"@type\":\"ListItem\",\"position\":2,\"name\":\"Shop\",\"item\":\"https:\/\/albirmuebles.com\/shop\/\"},{\"@type\":\"ListItem\",\"position\":3,\"name\":\"Dov\"}]},{\"@type\":\"WebSite\",\"@id\":\"https:\/\/albirmuebles.com\/#website\",\"url\":\"https:\/\/albirmuebles.com\/\",\"name\":\"Muebles Albir\",\"description\":\"Muebles Albir\",\"publisher\":{\"@id\":\"https:\/\/albirmuebles.com\/#organization\"},\"potentialAction\":[{\"@type\":\"SearchAction\",\"target\":{\"@type\":\"EntryPoint\",\"urlTemplate\":\"https:\/\/albirmuebles.com\/?s={search_term_string}\"},\"query-input\":{\"@type\":\"PropertyValueSpecification\",\"valueRequired\":true,\"valueName\":\"search_term_string\"}}],\"inLanguage\":\"es\"},{\"@type\":\"Organization\",\"@id\":\"https:\/\/albirmuebles.com\/#organization\",\"name\":\"Albirmuebles\",\"url\":\"https:\/\/albirmuebles.com\/\",\"logo\":{\"@type\":\"ImageObject\",\"inLanguage\":\"es\",\"@id\":\"https:\/\/albirmuebles.com\/#\/schema\/logo\/image\/\",\"url\":\"https:\/\/albirmuebles.com\/wp-content\/uploads\/2020\/10\/logo_albir.png\",\"contentUrl\":\"https:\/\/albirmuebles.com\/wp-content\/uploads\/2020\/10\/logo_albir.png\",\"width\":800,\"height\":235,\"caption\":\"Albirmuebles\"},\"image\":{\"@id\":\"https:\/\/albirmuebles.com\/#\/schema\/logo\/image\/\"},\"sameAs\":[\"https:\/\/www.facebook.com\/Albir-Muebles-217159521715557\/\",\"https:\/\/www.instagram.com\/albir.muebles\/\"]}]}<\/script>\n<!-- \/ Yoast SEO plugin. -->","yoast_head_json":{"title":"Dov - Muebles Albir","robots":{"index":"index","follow":"follow","max-snippet":"max-snippet:-1","max-image-preview":"max-image-preview:large","max-video-preview":"max-video-preview:-1"},"canonical":"https:\/\/albirmuebles.com\/es\/producto\/dov\/","og_locale":"es_ES","og_type":"article","og_title":"Dov - Muebles Albir","og_description":"Estructura: madera de pino, tablero de part\u00edculas y espuma PUR. Asiento: espuma PUR de 30Kg\/m3 suave y copos de espuma viscol\u00e1stica con fibra de poli\u00e9ster hueca siliconada. Desenfundable . Respaldo: fibra hueca siliconada. Desenfundable . Opciones: Pata met\u00e1lica(Gris oscuro,Niquel, Negro o Cromo), Pata de madera(Wengu\u00e9, roble, natural o ceniza), Colch\u00f3n visco, Colch\u00f3n Platinum. DOV Alto [&hellip;]","og_url":"https:\/\/albirmuebles.com\/es\/producto\/dov\/","og_site_name":"Muebles Albir","article_publisher":"https:\/\/www.facebook.com\/Albir-Muebles-217159521715557\/","og_image":[{"width":930,"height":619,"url":"https:\/\/albirmuebles.com\/wp-content\/uploads\/2021\/03\/DOV-001.jpg","type":"image\/jpeg"}],"twitter_card":"summary_large_image","schema":{"@context":"https:\/\/schema.org","@graph":[{"@type":"WebPage","@id":"https:\/\/albirmuebles.com\/es\/producto\/dov\/","url":"https:\/\/albirmuebles.com\/es\/producto\/dov\/","name":"Dov - Muebles Albir","isPartOf":{"@id":"https:\/\/albirmuebles.com\/#website"},"primaryImageOfPage":{"@id":"https:\/\/albirmuebles.com\/es\/producto\/dov\/#primaryimage"},"image":{"@id":"https:\/\/albirmuebles.com\/es\/producto\/dov\/#primaryimage"},"thumbnailUrl":"https:\/\/e3vgfxkvpic.exactdn.com\/wp-content\/uploads\/2021\/03\/DOV-001.jpg?strip=all","datePublished":"2021-03-02T17:02:53+00:00","breadcrumb":{"@id":"https:\/\/albirmuebles.com\/es\/producto\/dov\/#breadcrumb"},"inLanguage":"es","potentialAction":[{"@type":"ReadAction","target":["https:\/\/albirmuebles.com\/es\/producto\/dov\/"]}]},{"@type":"ImageObject","inLanguage":"es","@id":"https:\/\/albirmuebles.com\/es\/producto\/dov\/#primaryimage","url":"https:\/\/e3vgfxkvpic.exactdn.com\/wp-content\/uploads\/2021\/03\/DOV-001.jpg?strip=all","contentUrl":"https:\/\/e3vgfxkvpic.exactdn.com\/wp-content\/uploads\/2021\/03\/DOV-001.jpg?strip=all","width":930,"height":619},{"@type":"BreadcrumbList","@id":"https:\/\/albirmuebles.com\/es\/producto\/dov\/#breadcrumb","itemListElement":[{"@type":"ListItem","position":1,"name":"Home","item":"https:\/\/albirmuebles.com\/es\/"},{"@type":"ListItem","position":2,"name":"Shop","item":"https:\/\/albirmuebles.com\/shop\/"},{"@type":"ListItem","position":3,"name":"Dov"}]},{"@type":"WebSite","@id":"https:\/\/albirmuebles.com\/#website","url":"https:\/\/albirmuebles.com\/","name":"Muebles Albir","description":"Muebles Albir","publisher":{"@id":"https:\/\/albirmuebles.com\/#organization"},"potentialAction":[{"@type":"SearchAction","target":{"@type":"EntryPoint","urlTemplate":"https:\/\/albirmuebles.com\/?s={search_term_string}"},"query-input":{"@type":"PropertyValueSpecification","valueRequired":true,"valueName":"search_term_string"}}],"inLanguage":"es"},{"@type":"Organization","@id":"https:\/\/albirmuebles.com\/#organization","name":"Albirmuebles","url":"https:\/\/albirmuebles.com\/","logo":{"@type":"ImageObject","inLanguage":"es","@id":"https:\/\/albirmuebles.com\/#\/schema\/logo\/image\/","url":"https:\/\/albirmuebles.com\/wp-content\/uploads\/2020\/10\/logo_albir.png","contentUrl":"https:\/\/albirmuebles.com\/wp-content\/uploads\/2020\/10\/logo_albir.png","width":800,"height":235,"caption":"Albirmuebles"},"image":{"@id":"https:\/\/albirmuebles.com\/#\/schema\/logo\/image\/"},"sameAs":["https:\/\/www.facebook.com\/Albir-Muebles-217159521715557\/","https:\/\/www.instagram.com\/albir.muebles\/"]}]}},"_links":{"self":[{"href":"https:\/\/albirmuebles.com\/es\/wp-json\/wp\/v2\/product\/9555","targetHints":{"allow":["GET"]}}],"collection":[{"href":"https:\/\/albirmuebles.com\/es\/wp-json\/wp\/v2\/product"}],"about":[{"href":"https:\/\/albirmuebles.com\/es\/wp-json\/wp\/v2\/types\/product"}],"replies":[{"embeddable":true,"href":"https:\/\/albirmuebles.com\/es\/wp-json\/wp\/v2\/comments?post=9555"}],"version-history":[{"count":0,"href":"https:\/\/albirmuebles.com\/es\/wp-json\/wp\/v2\/product\/9555\/revisions"}],"wp:featuredmedia":[{"embeddable":true,"href":"https:\/\/albirmuebles.com\/es\/wp-json\/wp\/v2\/media\/9556"}],"wp:attachment":[{"href":"https:\/\/albirmuebles.com\/es\/wp-json\/wp\/v2\/media?parent=9555"}],"wp:term":[{"taxonomy":"product_cat","embeddable":true,"href":"https:\/\/albirmuebles.com\/es\/wp-json\/wp\/v2\/product_cat?post=9555"},{"taxonomy":"product_tag","embeddable":true,"href":"https:\/\/albirmuebles.com\/es\/wp-json\/wp\/v2\/product_tag?post=9555"}],"curies":[{"name":"wp","href":"https:\/\/api.w.org\/{rel}","templated":true}]}}

<ul>
<li>Estructura: madera de pino, tablero de partículas y espuma PUR.</li>
<li>Asiento: espuma PUR de 30Kg/m3 suave y copos de espuma viscolástica con fibra de poliéster hueca siliconada. Desenfundable .</li>
<li>Respaldo: fibra hueca siliconada. Desenfundable .</li>
<li>Opciones: Pata metálica(Gris oscuro,Niquel, Negro o Cromo), Pata de madera(Wengué, roble, natural o ceniza), Colchón visco, Colchón Platinum.</li>
</ul>
<table class="tbmedidas">
<tbody>
<tr>
<td><b>DOV</b></td>
<td><b>Alto</b></td>
<td><b>Ancho</b></td>
<td><b>Fondo</b></td>
<td><b>Altura asiento</b></td>
<td><b>Ancho de brazo</b></td>
<td><b>Fondo cama abierta</b></td>
<td><b>Cama útil</b></td>
</tr>
<tr>
<td><b>Chaise longue</b></td>
<td>90</td>
<td>127</td>
<td>160</td>
<td>50</td>
<td>27</td>
<td></td>
<td></td>
</tr>
<tr>
<td><b>Módulo cama 140</b></td>
<td>90</td>
<td>190</td>
<td>107</td>
<td>50</td>
<td>27</td>
<td>214</td>
<td>140×200</td>
</tr>
<tr>
<td><b>Módulo cama 160</b></td>
<td>90</td>
<td>210</td>
<td>107</td>
<td>50</td>
<td>27</td>
<td>214</td>
<td>160×200</td>
</tr>
<tr>
<td><b>Pouff</b></td>
<td>46</td>
<td>98</td>
<td>98</td>
<td></td>
<td></td>
<td></td>
<td></td>
</tr>
<tr>
<td><b>Pouff mesa</b></td>
<td>56</td>
<td>100</td>
<td>100</td>
<td></td>
<td></td>
<td></td>
<td></td>
</tr>
<tr>
<td><b>Sofá cama 140</b></td>
<td>90</td>
<td>217</td>
<td>107</td>
<td>50</td>
<td>27</td>
<td>214</td>
<td>140×200</td>
</tr>
<tr>
<td><b>Sofá cama 160</b></td>
<td>90</td>
<td>237</td>
<td>107</td>
<td>50</td>
<td>27</td>
<td>214</td>
<td>160×200</td>
</tr>
</tbody>
</table>

<p>Estructura: madera de pino, tablero de partículas y espuma PUR. Asiento: espuma PUR de 30Kg/m3 suave y copos de espuma viscolástica con fibra de poliéster hueca siliconada. Desenfundable . Respaldo: fibra hueca siliconada. Desenfundable . Opciones: Pata metálica(Gris oscuro,Niquel, Negro o Cromo), Pata de madera(Wengué, roble, natural o ceniza), Colchón visco, Colchón Platinum. DOV Alto [&hellip;]</p>

<!-- This site is optimized with the Yoast SEO plugin v26.7 - https://yoast.com/wordpress/plugins/seo/ -->
<title>Dov - Muebles Albir</title>
<meta name="robots" content="index, follow, max-snippet:-1, max-image-preview:large, max-video-preview:-1" />
<link rel="canonical" href="https://albirmuebles.com/es/producto/dov/" />
<meta property="og:locale" content="es_ES" />
<meta property="og:type" content="article" />
<meta property="og:title" content="Dov - Muebles Albir" />
<meta property="og:description" content="Estructura: madera de pino, tablero de partículas y espuma PUR. Asiento: espuma PUR de 30Kg/m3 suave y copos de espuma viscolástica con fibra de poliéster hueca siliconada. Desenfundable . Respaldo: fibra hueca siliconada. Desenfundable . Opciones: Pata metálica(Gris oscuro,Niquel, Negro o Cromo), Pata de madera(Wengué, roble, natural o ceniza), Colchón visco, Colchón Platinum. DOV Alto [&hellip;]" />
<meta property="og:url" content="https://albirmuebles.com/es/producto/dov/" />
<meta property="og:site_name" content="Muebles Albir" />
<meta property="article:publisher" content="https://www.facebook.com/Albir-Muebles-217159521715557/" />
<meta property="og:image" content="https://albirmuebles.com/wp-content/uploads/2021/03/DOV-001.jpg" />
	<meta property="og:image:width" content="930" />
	<meta property="og:image:height" content="619" />
	<meta property="og:image:type" content="image/jpeg" />
<meta name="twitter:card" content="summary_large_image" />
<script type="application/ld+json" class="yoast-schema-graph">{"@context":"https://schema.org","@graph":[{"@type":"WebPage","@id":"https://albirmuebles.com/es/producto/dov/","url":"https://albirmuebles.com/es/producto/dov/","name":"Dov - Muebles Albir","isPartOf":{"@id":"https://albirmuebles.com/#website"},"primaryImageOfPage":{"@id":"https://albirmuebles.com/es/producto/dov/#primaryimage"},"image":{"@id":"https://albirmuebles.com/es/producto/dov/#primaryimage"},"thumbnailUrl":"https://e3vgfxkvpic.exactdn.com/wp-content/uploads/2021/03/DOV-001.jpg?strip=all","datePublished":"2021-03-02T17:02:53+00:00","breadcrumb":{"@id":"https://albirmuebles.com/es/producto/dov/#breadcrumb"},"inLanguage":"es","potentialAction":[{"@type":"ReadAction","target":["https://albirmuebles.com/es/producto/dov/"]}]},{"@type":"ImageObject","inLanguage":"es","@id":"https://albirmuebles.com/es/producto/dov/#primaryimage","url":"https://e3vgfxkvpic.exactdn.com/wp-content/uploads/2021/03/DOV-001.jpg?strip=all","contentUrl":"https://e3vgfxkvpic.exactdn.com/wp-content/uploads/2021/03/DOV-001.jpg?strip=all","width":930,"height":619},{"@type":"BreadcrumbList","@id":"https://albirmuebles.com/es/producto/dov/#breadcrumb","itemListElement":[{"@type":"ListItem","position":1,"name":"Home","item":"https://albirmuebles.com/es/"},{"@type":"ListItem","position":2,"name":"Shop","item":"https://albirmuebles.com/shop/"},{"@type":"ListItem","position":3,"name":"Dov"}]},{"@type":"WebSite","@id":"https://albirmuebles.com/#website","url":"https://albirmuebles.com/","name":"Muebles Albir","description":"Muebles Albir","publisher":{"@id":"https://albirmuebles.com/#organization"},"potentialAction":[{"@type":"SearchAction","target":{"@type":"EntryPoint","urlTemplate":"https://albirmuebles.com/?s={search_term_string}"},"query-input":{"@type":"PropertyValueSpecification","valueRequired":true,"valueName":"search_term_string"}}],"inLanguage":"es"},{"@type":"Organization","@id":"https://albirmuebles.com/#organization","name":"Albirmuebles","url":"https://albirmuebles.com/","logo":{"@type":"ImageObject","inLanguage":"es","@id":"https://albirmuebles.com/#/schema/logo/image/","url":"https://albirmuebles.com/wp-content/uploads/2020/10/logo_albir.png","contentUrl":"https://albirmuebles.com/wp-content/uploads/2020/10/logo_albir.png","width":800,"height":235,"caption":"Albirmuebles"},"image":{"@id":"https://albirmuebles.com/#/schema/logo/image/"},"sameAs":["https://www.facebook.com/Albir-Muebles-217159521715557/","https://www.instagram.com/albir.muebles/"]}]}</script>
<!-- / Yoast SEO plugin. -->

Estructura: madera de pino, tablero de partículas y espuma PUR. Asiento: espuma PUR de 30Kg/m3 suave y copos de espuma viscolástica con fibra de poliéster hueca siliconada. Desenfundable . Respaldo: fibra hueca siliconada. Desenfundable . Opciones: Pata metálica(Gris oscuro,Niquel, Negro o Cromo), Pata de madera(Wengué, roble, natural o ceniza), Colchón visco, Colchón Platinum. DOV Alto [&hellip;]
